test common divisor of 1780422 and 70?
14
Calculate the highest common divisor of 16692811 and 5605.
1121
What is the highest common divisor of 625202748 and 1994?
1994
What is the highest common factor of 386966 and 95882?
382
Calculate the highest common divisor of 16723632 and 1.
1
What is the highest common divisor of 8371135 and 6025?
1205
Calculate the highest common divisor of 45504 and 37056.
192
Calculate the highest common divisor of 39606 and 129382470.
1722
What is the greatest common factor of 117081795 and 30?
15
Calculate the highest common factor of 21765 and 163180911.
4353
Calculate the greatest common divisor of 25484 and 17569556.
1108
Calculate the highest common divisor of 2895074 and 728.
182
What is the greatest common divisor of 14146776 and 1512?
504
What is the greatest common factor of 165423 and 183111?
201
Calculate the highest common divisor of 277979534 and 14.
14
What is the highest common factor of 357 and 19979001?
21
Calculate the highest common divisor of 244 and 2542149502.
122
Calculate the greatest common factor of 227541 and 77307.
219
What is the greatest common divisor of 549297406 and 1022?
1022
What is the greatest common divisor of 10079783 and 14?
7
What is the greatest common divisor of 32 and 12654024?
8
What is the highest common factor of 840 and 59196?
12
Calculate the highest common factor of 1350791 and 79547.
377
What is the highest common divisor of 1886 and 184366873?
943
Calculate the highest common factor of 3137194 and 2236.
86
Calculate the highest common factor of 437 and 789776553.
437
What is the greatest common factor of 1601193 and 6728205?
3993
Calculate the greatest common divisor of 91989 and 18198.
27
Calculate the greatest common divisor of 988621 and 403.
31
What is the highest common factor of 9038708 and 2338?
2338
What is the greatest common divisor of 315 and 180381285?
315
What is the greatest common factor of 1972 and 178412756?
1972
Calculate the highest common factor of 551 and 828419.
19
Calculate the greatest common factor of 8533 and 14410011.
371
What is the highest common divisor of 116435 and 76415?
145
Calculate the highest common factor of 131511 and 2081886.
2229
What is the highest common divisor of 24904 and 357290896?
2264
What is the highest common factor of 108 and 13554756?
108
Calculate the greatest common factor of 17724875 and 987.
329
Calculate the greatest common factor of 318421 and 4047.
19
Calculate the highest common factor of 1243277 and 882.
49
Calculate the greatest common divisor of 25496757 and 3267.
1089
What is the highest common factor of 5800 and 9574640?
1160
Calculate the highest common divisor of 772 and 549278.
386
Calculate the highest common factor of 7384 and 40719068.
3692
What is the highest common factor of 44296 and 928?
8
Calculate the greatest common factor of 8849364 and 114.
114
What is the greatest common factor of 150 and 112626?
6
Calculate the greatest common divisor of 25603377 and 1156.
289
Calculate the greatest common divisor of 1142 and 29450467.
571
Calculate the greatest common factor of 86 and 2975315942.
86
Calculate the highest common factor of 8 and 242813800.
8
What is the highest common divisor of 11024 and 11581984?
848
Calculate the highest common factor of 589 and 2564816.
31
Calculate the highest common factor of 144 and 587948.
4
What is the greatest common divisor of 54 and 551559?
3
Calculate the highest common divisor of 3320 and 677660.
20
Calculate the greatest common factor of 10576209 and 294.
147
What is the greatest common factor of 440508995 and 115?
115
What is the highest common factor of 13827 and 394185?
33
Calculate the highest common factor of 508798 and 209710.
134
Calculate the highest common factor of 17138 and 210254.
418
Calculate the greatest common divisor of 28741382 and 674.
674
Calculate the highest common factor of 48585706 and 13.
13
What is the highest common divisor of 3672 and 539064?
72
What is the highest common divisor of 7676505 and 79083?
2727
What is the highest common divisor of 16305355 and 4235?
605
What is the greatest common divisor of 5502 and 313152?
42
What is the highest common factor of 38 and 22354051?
19
What is the highest common factor of 356 and 15931534?
178
What is the highest common factor of 83166 and 3984?
498
Calculate the highest common factor of 771 and 2452551.
771
What is the highest common divisor of 88425 and 1797525?
675
What is the greatest common factor of 34596025 and 575?
575
What is the highest common factor of 8550 and 89093850?
2850
What is the highest common factor of 1544 and 207944?
8
What is the greatest common factor of 3802956 and 40083?
93
Calculate the greatest common divisor of 108821520 and 1080.
360
What is the greatest common divisor of 256 and 5539424?
32
Calculate the highest common factor of 11520 and 12611205.
45
Calculate the greatest common divisor of 68 and 6534018.
34
Calculate the greatest common factor of 18272408 and 2.
2
Calculate the highest common factor of 4904250 and 182.
26
What is the highest common factor of 1 and 1281111?
1
What is the highest common divisor of 100 and 710500?
100
Calculate the highest common factor of 2200272 and 1288.
184
What is the highest common factor of 84030510 and 510?
30
Calculate the greatest common factor of 2721852 and 651.
21
What is the highest common factor of 16548 and 33699411?
591
What is the highest common factor of 1009897250 and 250?
250
Calculate the highest common divisor of 58230 and 78390.
90
What is the highest common factor of 51947568 and 31?
31
What is the greatest common divisor of 1517460 and 420?
420
Calculate the highest common divisor of 397 and 7526723.
397
What is the greatest common divisor of 6509 and 2044447?
23
Calculate the greatest common factor of 76 and 3259108.
76
What is the greatest common divisor of 19871 and 8587?
31
Calculate the greatest common divisor of 8 and 155275168.
8
Calculate the greatest common divisor of 3321 and 7398450.
369
What is the highest common divisor of 25241876 and 352?
44
What is the greatest common factor of 5142516 and 368448?
1212
What is the greatest common divisor of 4401674 and 544?
34
What is the greatest common divisor of 5402816 and 232?
232
Calculate the highest common divisor of 675 and 1096983.
27
Calculate the highest common factor of 2344412 and 196.
28
Calculate the highest common divisor of 651 and 69831.
3
Calculate the highest common divisor of 5297712 and 147.
21
What is the highest common divisor of 259 and 396475979?
37
Calculate the greatest common divisor of 50547 and 3237.
249
Calculate the greatest common divisor of 1752297 and 681.
3
What is the greatest common factor of 45114155 and 3335?
115
What is the highest common factor of 124218 and 28006?
134
What is the highest common factor of 3723906 and 372?
186
Calculate the highest common divisor of 17711738 and 6534.
242
Calculate the greatest common factor of 923084 and 112.
4
Calculate the highest common factor of 9002 and 39556074.
1286
What is the highest common divisor of 36809795 and 3905?
55
What is the greatest common divisor of 422 and 10910599?
211
Calculate the highest common divisor of 79 and 3884509.
79
What is the highest common divisor of 64439276 and 464?
116
What is the highest common factor of 880 and 260194?
22
Calculate the highest common divisor of 14004 and 49997781.
3501
Calculate the greatest common factor of 35022 and 44928.
78
What is the greatest common factor of 1869625 and 875?
125
Calculate the highest common divisor of 43086 and 5902266.
258
What is the greatest common factor of 3022210 and 10?
10
Calculate the highest common divisor of 954 and 76960028.
106
What is the highest common divisor of 97315182 and 6?
6
What is the greatest common factor of 122 and 13531813?
61
Calculate the greatest common factor of 3584 and 57484.
28
What is the greatest common divisor of 13 and 132522299?
13
What is the highest common factor of 5163939 and 5643?
297
What is the highest common factor of 93 and 25129127?
31
Calculate the greatest common factor of 45828424 and 40.
8
Calculate the greatest common factor of 148494048 and 2496.
96
What is the highest common divisor of 3255384 and 60?
12
What is the highes